greatest common divisor of 1776 and 192.
48
What is the greatest common divisor of 64 and 1056?
32
What is the highest common factor of 393 and 1441?
131
What is the greatest common divisor of 3 and 52?
1
What is the greatest common divisor of 21 and 609?
21
What is the highest common divisor of 675 and 3075?
75
Calculate the greatest common factor of 6014 and 291.
97
What is the highest common factor of 195 and 741?
39
Calculate the greatest common factor of 312 and 2784.
24
Calculate the greatest common factor of 85 and 125.
5
Calculate the greatest common divisor of 264 and 231.
33
What is the highest common factor of 276 and 2300?
92
Calculate the greatest common divisor of 4845 and 1275.
255
Calculate the highest common divisor of 374 and 238.
34
Calculate the greatest common factor of 68 and 76.
4
Calculate the highest common factor of 260 and 12220.
260
What is the greatest common divisor of 7 and 9653?
7
Calculate the greatest common divisor of 49 and 1421.
49
Calculate the greatest common divisor of 84 and 2268.
84
Calculate the highest common divisor of 270 and 10.
10
What is the highest common divisor of 131 and 7991?
131
Calculate the greatest common factor of 46 and 230.
46
What is the greatest common divisor of 640 and 5?
5
What is the highest common divisor of 9 and 171?
9
What is the greatest common divisor of 82 and 41?
41
What is the highest common factor of 144 and 116?
4
What is the highest common divisor of 37 and 1517?
37
What is the highest common factor of 128 and 15744?
128
What is the greatest common factor of 16 and 264?
8
What is the greatest common factor of 17 and 1207?
17
What is the highest common divisor of 25 and 400?
25
Calculate the highest common factor of 874 and 184.
46
What is the highest common factor of 14 and 27643?
7
Calculate the highest common factor of 3414 and 6.
6
Calculate the highest common factor of 1410 and 15.
15
Calculate the highest common divisor of 558 and 31.
31
Calculate the highest common divisor of 18 and 4.
2
Calculate the highest common divisor of 36 and 14166.
18
What is the greatest common divisor of 20169 and 996?
249
Calculate the highest common factor of 2054 and 26.
26
Calculate the greatest common factor of 25 and 75.
25
Calculate the greatest common divisor of 66 and 330.
66
What is the greatest common divisor of 735 and 285?
15
What is the highest common divisor of 66429 and 11?
11
What is the highest common factor of 3 and 69?
3
What is the greatest common divisor of 2 and 50?
2
What is the highest common factor of 216 and 81?
27
Calculate the highest common factor of 36 and 828.
36
Calculate the highest common divisor of 1167 and 21.
3
What is the highest common factor of 285 and 2660?
95
Calculate the greatest common divisor of 46 and 1127.
23
What is the highest common divisor of 276 and 483?
69
What is the greatest common divisor of 38 and 2318?
38
What is the greatest common factor of 90 and 4?
2
Calculate the greatest common divisor of 54 and 999.
27
What is the greatest common divisor of 293 and 1?
1
What is the greatest common factor of 395 and 15?
5
Calculate the greatest common divisor of 3358 and 46.
46
What is the highest common divisor of 215 and 5?
5
Calculate the greatest common divisor of 40 and 140.
20
Calculate the highest common divisor of 23278 and 226.
226
What is the greatest common factor of 1320 and 4345?
55
Calculate the greatest common factor of 18 and 240.
6
What is the highest common divisor of 16 and 944?
16
What is the highest common factor of 1956 and 24?
12
What is the greatest common factor of 139 and 1?
1
Calculate the highest common divisor of 105 and 10479.
21
What is the highest common factor of 650 and 700?
50
Calculate the highest common divisor of 12 and 36.
12
Calculate the greatest common divisor of 2491 and 141.
47
Calculate the highest common divisor of 1270 and 40.
10
What is the greatest common factor of 1216 and 247?
19
What is the greatest common divisor of 48 and 3504?
48
What is the highest common factor of 1886 and 82?
82
What is the highest common divisor of 28914 and 732?
366
What is the greatest common factor of 860 and 32?
4
Calculate the greatest common factor of 196 and 602.
14
What is the greatest common divisor of 24 and 138?
6
What is the greatest common factor of 427 and 183?
61
Calculate the highest common divisor of 85 and 1547.
17
What is the greatest common divisor of 702 and 13?
13
What is the greatest common divisor of 2697 and 465?
93
Calculate the highest common divisor of 767 and 26.
13
What is the highest common factor of 58 and 8?
2
What is the greatest common divisor of 28 and 128?
4
Calculate the highest common divisor of 2674 and 14.
14
Calculate the greatest common divisor of 100 and 1025.
25
Calculate the highest common divisor of 17237 and 11.
11
Calculate the greatest common factor of 304 and 64.
16
What is the greatest common divisor of 176 and 272?
16
Calculate the greatest common factor of 1463 and 1881.
209
What is the greatest common divisor of 418 and 152?
38
What is the highest common factor of 54 and 64?
2
Calculate the greatest common factor of 55 and 418.
11
Calculate the highest common divisor of 6206 and 116.
58
Calculate the greatest common divisor of 656 and 82.
82
What is the highest common divisor of 190 and 228?
38
What is the highest common factor of 946 and 4902?
86
What is the highest common factor of 36 and 252?
36
Calculate the highest common divisor of 1680 and 224.
112
Calculate the greatest common divisor of 36 and 342.
18
Calculate the greatest common divisor of 58 and 87.
29
Calculate the highest common divisor of 28092 and 6.
6
What is the highest common factor of 134 and 3886?
134
Calculate the highest common factor of 1088 and 288.
32
Calculate the highest common divisor of 1963 and 13.
13
Calculate the greatest common factor of 50 and 830.
10
Calculate the highest common divisor of 360 and 45.
45
Calculate the highest common factor of 10 and 10.
10
What is the greatest common divisor of 1540 and 40?
20
Calculate the greatest common factor of 110 and 88.
22
What is the greatest common factor of 294 and 357?
21
Calculate the highest common factor of 18 and 846.
18
Calculate the highest common divisor of 12 and 588.
12
What is the greatest common factor of 873 and 3?
3
Calculate the greatest common divisor of 39 and 624.
39
What is the greatest common divisor of 16043 and 526?
263
Calculate the greatest common factor of 9 and 72.
9
What is the highest common factor of 14716 and 104?
52
What is the greatest common divisor of 240 and 43440?
240
What is the greatest common divisor of 67 and 133?
1
Calculate the greatest common divisor of 132 and 77.
11
What is the highest common divisor of 729 and 324?
81
Calculate the highest common divisor of 2696 and 8.
8
Calculate the highest common factor of 13973 and 89.
89
What is the highest common factor of 963 and 2033?
107
Calculate the greatest common divisor of 1314 and 90.
18
Calculate the greatest common factor of 9869 and 71.
71
Calculate the greatest common divisor of 713 and 69.
23
What is the highest common factor of 45 and 3900?
15
What is the highest common factor of 2 and 22?
2
Calculate the greatest common divisor of 915 and 122.
61
What is the greatest common factor of 720 and 45?
45
Calculate the greatest common divisor of 1784 and 8.
8
Calculate the greatest common factor of 4096 and 128.
128
Calculate the greatest common factor of 9 and 65034.
9
What is the greatest common factor of 32 and 8?
8
Calculate the greatest common factor of 49 and 91.
7
Calculate the greatest common factor of 142 and 639.
71
What is the greatest common divisor of 20 and 295?
5
What is the highest common divisor of 3703 and 23?
23
Calculate the greatest common divisor of 5 and 245.
5
What is the greatest common divisor of 770 and 70?
70
What is the highest common divisor of 1577 and 83?
83
What is the highest common factor of 76 and 7182?
38
Calculate the greatest common divisor of 164 and 902.
82
What is the highest common factor of 100 and 185?
5
What is the highest common divisor of 437 and 9?
1
Calculate the greatest common divisor of 264 and 11946.
66
Calculate the greatest common divisor of 2208 and 128.
32
Calculate the g